thousands digit of 2423?
2
What is the tens digit of 10358?
5
What is the units digit of 3243?
3
What is the tens digit of 463?
6
What is the units digit of 3327?
7
What is the hundreds digit of 1599?
5
What is the thousands digit of 8412?
8
What is the units digit of 204?
4
What is the tens digit of 1095?
9
What is the tens digit of 20717?
1
What is the tens digit of 7356?
5
What is the units digit of 703?
3
What is the tens digit of 790?
9
What is the hundreds digit of 1085?
0
What is the tens digit of 1110?
1
What is the units digit of 2269?
9
What is the hundreds digit of 48269?
2
What is the hundreds digit of 10063?
0
What is the hundreds digit of 16227?
2
What is the tens digit of 1488?
8
What is the thousands digit of 4096?
4
What is the units digit of 71626?
6
What is the thousands digit of 99116?
9
What is the hundreds digit of 58059?
0
What is the tens digit of 772?
7
What is the units digit of 60293?
3
What is the units digit of 891?
1
What is the units digit of 57914?
4
What is the hundreds digit of 2929?
9
What is the thousands digit of 2322?
2
What is the thousands digit of 7234?
7
What is the tens digit of 8742?
4
What is the hundreds digit of 3392?
3
What is the tens digit of 3077?
7
What is the tens digit of 2985?
8
What is the units digit of 346?
6
What is the tens digit of 1966?
6
What is the hundreds digit of 15543?
5
What is the tens digit of 3545?
4
What is the tens digit of 110702?
0
What is the hundreds digit of 6993?
9
What is the tens digit of 9130?
3
What is the hundreds digit of 6531?
5
What is the thousands digit of 1074?
1
What is the hundreds digit of 1568?
5
What is the hundreds digit of 974?
9
What is the hundreds digit of 44926?
9
What is the units digit of 26195?
5
What is the hundreds digit of 11506?
5
What is the hundreds digit of 1274?
2
What is the units digit of 343?
3
What is the tens digit of 2037?
3
What is the hundreds digit of 86538?
5
What is the tens digit of 2984?
8
What is the hundreds digit of 2596?
5
What is the tens digit of 73161?
6
What is the hundreds digit of 11358?
3
What is the tens digit of 2572?
7
What is the tens digit of 680?
8
What is the hundreds digit of 897?
8
What is the units digit of 85?
5
What is the units digit of 1989?
9
What is the ten thousands digit of 21461?
2
What is the hundreds digit of 6648?
6
What is the units digit of 34900?
0
What is the units digit of 2654?
4
What is the ten thousands digit of 11384?
1
What is the units digit of 72670?
0
What is the thousands digit of 3156?
3
What is the units digit of 1160?
0
What is the hundreds digit of 22033?
0
What is the tens digit of 2837?
3
What is the tens digit of 18779?
7
What is the tens digit of 3859?
5
What is the hundreds digit of 3610?
6
What is the units digit of 465?
5
What is the units digit of 5452?
2
What is the tens digit of 189?
8
What is the ten thousands digit of 11265?
1
What is the thousands digit of 5039?
5
What is the tens digit of 4412?
1
What is the tens digit of 814?
1
What is the tens digit of 855?
5
What is the tens digit of 80657?
5
What is the units digit of 2357?
7
What is the hundreds digit of 837?
8
What is the units digit of 498?
8
What is the thousands digit of 2101?
2
What is the tens digit of 117044?
4
What is the hundreds digit of 2389?
3
What is the units digit of 337?
7
What is the thousands digit of 2962?
2
What is the tens digit of 883?
8
What is the tens digit of 2281?
8
What is the units digit of 528?
8
What is the hundreds digit of 10265?
2
What is the tens digit of 1125?
2
What is the units digit of 4466?
6
What is the tens digit of 3633?
3
What is the hundreds digit of 1106?
1
What is the units digit of 53329?
9
What is the units digit of 3543?
3
What is the hundreds digit of 62573?
5
What is the thousands digit of 89521?
9
What is the tens digit of 1353?
5
What is the units digit of 133271?
1
What is the units digit of 302?
2
What is the units digit of 10644?
4
What is the tens digit of 19013?
1
What is the hundreds digit of 744?
7
What is the tens digit of 14371?
7
What is the thousands digit of 1792?
1
What is the units digit of 61971?
1
What is the tens digit of 1277?
7
What is the units digit of 413?
3
What is the tens digit of 35720?
2
What is the tens digit of 1427?
2
What is the units digit of 92042?
2
What is the units digit of 21202?
2
What is the tens digit of 88862?
6
What is the tens digit of 79?
7
What is the units digit of 1012?
2
What is the tens digit of 33382?
8
What is the ten thousands digit of 12525?
1
What is the units digit of 21154?
4
What is the thousands digit of 1292?
1
What is the thousands digit of 3372?
3
What is the thousands digit of 3267?
3
What is the ten thousands digit of 99248?
9
What is the thousands digit of 9657?
9
What is the hundreds digit of 20832?
8
What is the units digit of 595?
5
What is the units digit of 4923?
3
What is the hundreds digit of 130540?
5
What is the hundred thousands digit of 157218?
1
What is the hundreds digit of 4517?
5
What is the hundreds digit of 43841?
8
What is the hundreds digit of 189?
1
What is the units digit of 68041?
1
What is the thousands digit of 12338?
2
What is the thousands digit of 1188?
1
What is the units digit of 4437?
7
What is the ten thousands digit of 65830?
6
What is the ten thousands digit of 81913?
8
What is the tens digit of 349?
4
What is the units digit of 524?
4
What is the tens digit of 19836?
3
What is the units digit of 660?
0
What is the ten thousands digit of 126738?
2
What is the hundreds digit of 2563?
5
What is the hundreds digit of 1118?
1
What is the thousands digit of 3639?
3
What is the tens digit of 691?
9
What is the units digit of 2958?
8
What is the thousands digit of 1426?
1
What is the units digit of 5267?
7
What is the thousands digit of 14358?
4
What is the units digit of 20500?
0
What is the units digit of 1305?
5
What is the hundreds digit of 5205?
2
What is the tens digit of 172?
7
What is the units digit of 26881?
1
What is the units digit of 928?
8
What is the units digit of 4082?
2
What is the units digit of 1395?
5
What is the tens digit of 28433?
3
What is the tens digit of 980?
8
What is the hundreds digit of 45386?
3
What is the hundreds digit of 17423?
4
What is the units digit of 6140?
0
What is the tens digit of 27?
2
What is the tens digit of 18989?
8
What is the tens digit of 40?
4
What is the units digit of 555?
5
What is the thousands digit of 84140?
4
What is the tens digit of 365?
6
What is the units digit of 3745?
5
What is the ten thousands digit of 21467?
2
What is the thousands digit of 36818?
6
What is the hundreds digit of 49580?
5
What is the units digit of 1145?
5
What is the ten thousands digit of 18579?
1
What is the units digit of 1027?
7
What is the ten thousands digit of 12777?
1
What is the units digit of 7983?
3
What is the tens digit of 95?
9
What is the units digit of 16849?
9
What is the units digit of 11340?
0
What is the hundreds digit of 178603?
6
What is the tens digit of 34251?
5
What is the tens digit of 608?
0
What is the thousands digit of 1770?
1
What is the tens digit of 1014?
1
What is the units digit of 1894?
4
What is the tens digit of 1197?
9
What is the thousands digit of 79567?
9
What is the tens digit of 9269?
6
What is the units digit of 65307?
7
What is the units digit of 2462?
2
What is the units digit of 43?
3
What is the units digit of 13338?
8
What is the hundreds digit of 2004?
0
What is the ten thousands digit of 11452?
1
What is the units digit of 9881?
1
What is the ten thousands digit of 10456?
1
What is the ten thousands digit of 88875?
8
What is the tens digit of 4388?
8
What is the tens digit of 74?
7
What is the tens digit of 2020?
2
What is the units digit of 2556?
6
What is the hundreds digit of 26824?
8
What is the thousands digit of 1920?
1
What is the units digit of 7685?
5
What is the units digit of 162?
2
What is the thousands digit of 77068?
7
What is the hundreds digit of 1056?
0
What is the units digit of 34636?
6
What is the hundreds digit of 235?
2
What is the thousands digit of 3319?
3
What is the units digit of 195?
5
What is the hundreds digit of 100021?
0
What is the thousands digit of 68173?
8
What is the units digit of 944?
4
What is the ten thousands digit of 23177?
2
